-2)?
10
Let h(p) = 1 + 1 + 7*p**2 + 6*p + 0*p + p**3. Let c be h(-6). Let t(y) = 0*y + 0*y - y**2 + 2. What is t(c)?
-2
Let s = 33 + -12. Let p = -17 + s. Let q(u) = -2*u - 4. Calculate q(p).
-12
Let q be 4/34 - 265/85. Let y(a) = -5*a - 1. Determine y(q).
14
Let y = -101 + 110. Let u(h) = h - 13. Give u(y).
-4
Let n(f) = -3*f**2 + 18*f - 29. Suppose -2*r - r + 18 = 0. Suppose 2*k + r + 10 = 0. Let t(u) = u**2 - 6*u + 10. Let c(q) = k*t(q) - 3*n(q). Calculate c(5).
2
Let r(v) be the second derivative of -5/2*v**2 + 1/20*v**5 + 0 - 7/6*v**3 - 10*v + 5/12*v**4. Calculate r(-6).
1
Let c(h) = -h + 9. Let a be (-74)/481 + (-1)/(-13)*2. Determine c(a).
9
Let r = -16 + 18. Let n(d) = -2*d - 2. What is n(r)?
-6
Let r be (2/(-3))/(16/24). Let i(o) be the first derivative of 0*o - 7/2*o**2 - 1. Calculate i(r).
7
Let v(q) = 3*q. Suppose -11 = c - 3*p, 5*c = 5*p - 8 - 7. Let t = c - 3. Calculate v(t).
-6
Suppose 6 - 26 = 2*r. Let q = r + 16. Let p(a) = -2*a + q - 3 - a. Determine p(2).
-3
Let r(p) = p**3 - p + 1. Let u(j) = -6*j**3 + 5*j**2 + 13*j - 11. Let q(f) = -5*r(f) - u(f). Determine q(6).
-6
Let t(j) = -j - 3. Suppose 5 = 2*g - 1. Give t(g).
-6
Let n(p) = 5*p**3 - 4*p**2 - 2*p - 3. Let g be 102/27 - (-2)/9. Let u(x) = 14*x**3 - 12*x**2 - 7*x - 9. Let y = -17 - -6. Let f(j) = g*u(j) + y*n(j). Give f(5).
-8
Let k(b) = -3*b**3 + 7*b**2 - 5*b + 4. Let r(j) = 7*j**3 - 15*j**2 + 11*j - 8. Let l(n) = -9*k(n) - 4*r(n). Determine l(-4).
8
Let g(w) = w**3 - w**2 + w. Let b(m) = 5*m**3 - 11*m**2 + 7*m + 3. Let y(o) = -b(o) + 4*g(o). Let k be (-2)/(-14) + ((-110)/(-14) - 2). Give y(k).
15
Let m(j) = -j**2 - 6*j - 4. Let s(b) = b**3 + 7*b**2 + 6*b - 4. Let d(w) = -2*w + 10. Let a be d(8). Let h be s(a). Calculate m(h).
4
Let u be 24/(-5) - (-1)/(-5). Let d(l) = 0*l**2 - 2*l - 7*l**2 + 2*l**2 - l**3 - 6. Determine d(u).
4
Suppose -2*s = -4*v - 10, -s - 8 = -2*s + 3*v. Let n = s + 3. Suppose -5*p = n*b - 8, -17 = -3*b - 5. Let x(a) = -a - 6. Determine x(p).
-6
Let y(d) = -d**3 + 4*d**2 + d - 4*d**2 - d**2. Let x be (-1 + 3/2)*0. Let o be y(x). Let r(g) = -g**3 - g**2 + g - 2. Determine r(o).
-2
Let n(m) = 1. Let l(d) = -d + 2. Let a(f) = l(f) + 5*n(f). Calculate a(0).
7
Let r be (2/(-4) + 0)*-6. Suppose -8 = -y - r*z, y + 3*y - 32 = 2*z. Let o be (-27)/5 + y/20. Let u(g) = g**3 + 6*g**2 + 6*g + 1. Determine u(o).
-4
Let m(a) = -a + 3*a + 1 + 2. Let j be -2 + 2 + (-30)/(-1). Suppose -5*p - j = 3*f + 2*f, 3*f + 12 = -p. Give m(f).
-3
Let k(c) = -c**2 - c + 5. Let b be k(0). Let f be 8*((-3)/(-2))/3. Let t(j) = -3*j - 3*j + 7*j + 5*j - j**3 + f*j**2. Give t(b).
5
Let u be 12/18 + 32/6. Suppose 6 = x + 4*h, 2*h - 6 = 4*x + u. Let k(t) = 3*t**2 + 2*t + 2. Give k(x).
10
Let j(f) = -2*f**2 - 11*f + 6. Let d(c) = -c**2 - 5*c + 3. Let w(y) = 13*d(y) - 6*j(y). Give w(3).
-3
Let o(a) = 2*a + 3. Let c(p) = 2*p + 17. Let j be c(-7). Calculate o(j).
9
Let v(h) = 2*h**2 + h - 1. Suppose w + 0*w + 13 = 5*t, 0 = 3*t - 9. Give v(w).
9
Let c(v) = 6*v**3 + v - 8. Let y(m) = 5*m**3 + m**2 - 7. Let n(z) = 4*c(z) - 5*y(z). What is n(-6)?
15
Let y(c) be the third derivative of -c**5/60 - 5*c**4/24 - 2*c**3/3 + c**2. Let h = 6 + -2. Suppose 5*x - 5*k - 4 = 6, 26 = -2*x - h*k. What is y(x)?
2
Let n(a) = -2*a**2 + 0*a**2 + 6*a - 7*a - 2*a**2 - 2. What is n(-2)?
-16
Let p(k) = -k**3 + 3*k**2 - 1. Let o be p(2). Let m(i) = -i. Calculate m(o).
-3
Let k(j) = j**3 + j. Let c be 6 + 3/(-1) + -1. Give k(c).
10
Let a(c) = 2*c + 3. Suppose -4*d + 3*w = -w - 44, 3*w = d - 15. Suppose -5*h + 2*h = -d. What is a(h)?
9
Let q(x) = x**2 + x + 1. Let z(s) = -s**3 + 2*s - 1. Let a be z(2). Let u be a/(-5) + 6/(-2). What is q(u)?
3
Let b(j) be the third derivative of -j**4/24 + 5*j**3/6 - 76*j**2. Calculate b(9).
-4
Let u(k) = 19*k**2 + 2*k**3 + 0*k - k**3 + 3 - k - 15*k**2. Let q = 8 + -6. Suppose -q*g = -0 + 8. What is u(g)?
7
Let a(l) = l**3 - 5*l**2 - 8*l - 2. Let y be a(6). Let w(x) = 2*x - 4. Let n be w(-3). Let u = n - y. Let b(k) = -k**2 + 5*k - 2. What is b(u)?
2
Suppose -2*c + 3*c - 3 = 0. Suppose s - 1 = c. Let v(x) = -x**2 + 3*x + 2. Determine v(s).
-2
Suppose 4*f = -5*d + 6, -4*f - 10 = -d - 2*d. Let m(k) = -7 + 3*k - d*k - k + k. Give m(4).
-3
Let x(t) = -t - 4. Let f(h) be the third derivative of h**4/24 + 11*h**3/6 - h**2. Let v be f(-8). Let g be 0/(2 + -6 + v). Give x(g).
-4
Let k(w) be the third derivative of -1/12*w**4 + 0*w + 1/60*w**5 + 1/2*w**3 + w**2 + 0. Suppose -9 = 2*n - 3*n - 2*m, 3*m = n + 6. Calculate k(n).
6
Let i be 1 + (-2)/2 + -1. Let l(b) = 35*b + 3. Let u(f) be the third derivative of -f**4/2 - f**3/6 + 3*f**2. Let x(j) = 3*l(j) + 8*u(j). What is x(i)?
-8
Suppose -i = 2*i. Suppose u = -i*u. Let v(g) = -g + 1. Determine v(u).
1
Let i = 8 + -3. Let q(z) be the third derivative of z**9/60480 - z**8/4032 + z**5/60 + z**2. Let p(b) be the third derivative of q(b). Give p(i).
0
Suppose -3*y = -y - 12. Let u(v) = v + 0*v - 1 - 6*v - y*v. What is u(-1)?
10
Let q(i) = 2*i**2 - 4*i - 5. Let p be 2/(-8) - -2*(-63)/(-24). Calculate q(p).
25
Let g(r) be the first derivative of r**7/840 + r**6/60 + r**5/20 + r**4/12 - 8*r**3/3 + 2. Let y(d) be the third derivative of g(d). Calculate y(-5).
-3
Let y(t) = -t**3 + 7*t**2 - 5*t + 2. Let s be y(6). Let z(q) = 2*q + 3. Determine z(s).
19
Let d(b) = -b + 6. Suppose -7*a + 2*a + 10 = 0. Suppose -46 = -5*l + 4*c, a*c + 14 = -0*l + l. Give d(l).
0
Let s(y) = y**3 - 8*y**2 + y - 4. Let q = 9 - 1. Let i be s(q). Let v(b) = -i - 3 - b + 4 - 3*b + b**2. Give v(4).
-3
Let b(t) be the second derivative of -t**5/20 + t**4/2 - t**3 + t**2/2 - 42*t. What is b(5)?
-4
Let y(u) = -3*u - 77. Let o(x) = -2*x - 51. Let b(r) = 8*o(r) - 5*y(r). What is b(0)?
-23
Let x(d) be the second derivative of d**4/12 - d**3/6 - d**2 - d. Let z(w) = -w**3 + 5*w**2 + 5*w + 8. Let k be z(6). Suppose 0 = -0*t + t - k. What is x(t)?
0
Let w(h) be the first derivative of h**3/3 - 2*h**2 + 3*h - 21. What is w(5)?
8
Suppose 0*x + 6 = -x + 5*q, 4*x - 10 = 3*q. Let p(a) = a**3 - 5*a**2 + 5*a - 2. Give p(x).
2
Let i(o) = -2*o**2 - o - 2. Let w(z) = -z**2 - 1. Let l(h) = -3*i(h) + 5*w(h). Let x = 0 - 0. Suppose 4*d = 5*v - 16, -3*v + x*v = 0. Calculate l(d).
5
Let g(r) = 9*r**3 + 5*r**2 + 2. Let x(i) = -18*i**3 - 11*i**2 - 5. Let w(l) = -7*g(l) - 3*x(l). Let y = -8 - -7. What is w(y)?
8
Let x(c) = -c - 8. Let l be 3/2*1*-2. Let f = 3 + l. Calculate x(f).
-8
Let d(l) = 2*l + 21. Let k(h) = 3*h + 38. Let u(p) = 9*d(p) - 5*k(p). Suppose 0*a - 6 = 3*a. Give u(a).
-7
Let y be (-54)/(-10) + 4/(-10). Let t(z) = 0*z**2 + y + 3 + 5*z**2 - 7 + 2*z. Give t(-1).
4
Let a(i) = 9*i**3 + i**2. Let g be -2*-2*(-3)/(-12). Give a(g).
10
Let w be 4/14 + 16/(-7). Let v(a) = -8*a**2 - 210*a + 5*a**2 + 207*a. Determine v(w).
-6
Let g(b) be the second derivative of b**4/12 + b**3/3 - b**2 - 6*b. Give g(-3).
1
Let t(l) = 2*l - 6*l + 2*l. Let w(o) = o**3 + 4*o**2 - 5*o + 2. Let q be w(-5). Suppose -3*s = q*s - 3*b + 27, -5*s - 31 = -4*b. Calculate t(s).
6
Suppose 0 = u + u - 22. Let z(q) = q + 14 + 0*q - u. Calculate z(-5).
-2
Let z(y) be the second derivative of -3*y**5/10 - y**2/2 - 4*y. What is z(-1)?
5
Suppose -2*r - r = -3. Suppose -5*p + 6*p = 0. Let w(k) = -k + p*k - 3 - k**2 + 4. Calculate w(r).
-1
Let m(g) = g**3 - 6*g**2 - 7*g + 4. Let t(o) = -3*o**3 + 12*o**2 + 15*o - 8. Let n(b) = -5*m(b) - 2*t(b). Let h be 8/(-2*(0 + 1)). Determine n(h).
8
Let z(c) = 3*c + 6 - 11*c + c**2 + 2*c. Let k(y) = y**3 - 5*y**2 - 7*y + 6. Let w be k(6). Suppose 5*i + w = 20. Determine z(i).
-2
Let p(v) = -v**3 + 2*v. Suppose -2*f + i - 6*i - 21 = 0, 4*i + 20 = 0. Let a be p(f). Let z(h) = h**3 + 3*h**2 - 4*h + 4. What is z(a)?
4
Let l(j) = -j**3 - j**2. Let m(w) = w**3 - 8*w**2 + 13*w - 8. Let y be m(6). What is l(y)?
4
Suppose g + 4 = -2*k + 7, 4*k + 3*g = 1. Let o(h) be the first derivative of -1/2*h**k + 2*h - 3 - h**2 - 4/3*h**3. What is o(-2)?
6
Let l be 3/(-9)*(17 - 2). Let j(a) be the first derivative of a**4/4 + 4*a**3/3 - 5*a**2/2 - 7*a + 7. Give j(l).
-7
Let i = 19 - 18. Let m(p) = 1. Let t(s) = -2*s**3 - 2*s**2 + 2*s + 2. Let x(r) = -3*m(r) + t(r). Determine x(i).
-3
Let a = -7 - -25. Let g = -16 + a. Let t(z) = -z**2 + 2*z - 3. Calculate t(g).
-3
Let t(c) = -c**2 - 2*c + 2. Let z = 33 - 21. Suppose -2*k =